{"id":152,"date":"2022-09-18T17:31:23","date_gmt":"2022-09-18T15:31:23","guid":{"rendered":"http:\/\/mlcdfru.cluster029.hosting.ovh.net\/?page_id=152"},"modified":"2022-09-18T20:53:04","modified_gmt":"2022-09-18T18:53:04","slug":"les-videos","status":"publish","type":"page","link":"https:\/\/mlcd.fr\/index.php\/les-mots-lierre-du-chat-dore\/les-videos\/","title":{"rendered":"les vid\u00e9os"},"content":{"rendered":"\n<p><a href=\"https:\/\/www.youtube.com\/results?search_query=les+mots+lierre+du+chat+dor%C3%A9\">https:\/\/www.youtube.com\/results?search_query=les+mots+lierre+du+chat+dor%C3%A9<\/a><img loading=\"lazy\" decoding=\"async\" width=\"150\" height=\"245\" class=\"wp-image-153\" style=\"width: 150px;\" src=\"http:\/\/mlcdfru.cluster029.hosting.ovh.net\/wp-content\/uploads\/2022\/09\/mlcd-youtube.png\" alt=\"les petits courts m\u00e9trages,\" srcset=\"https:\/\/mlcd.fr\/wp-content\/uploads\/2022\/09\/mlcd-youtube.png 452w, https:\/\/mlcd.fr\/wp-content\/uploads\/2022\/09\/mlcd-youtube-184x300.png 184w, https:\/\/mlcd.fr\/wp-content\/uploads\/2022\/09\/mlcd-youtube-37x60.png 37w\" sizes=\"auto, (max-width: 150px) 100vw, 150px\" \/><\/p>\n\n\n\n<h2 class=\"has-medium-font-size wp-block-heading\">Impro sur sc\u00e9nario <\/h2>\n\n\n\n<figure class=\"wp-block-embed is-type-video is-provider-youtube wp-block-embed-youtube wp-embed-aspect-16-9 wp-has-aspect-ratio\"><div class=\"wp-block-embed__wrapper\">\n<iframe loading=\"lazy\" title=\"\ud83c\udfacY a t-il une vie avant le rago\u00fbt de ragondin. Bande annonce du film \ud83c\udfac\" width=\"925\" height=\"520\" src=\"https:\/\/www.youtube.com\/embed\/3-OW_buuDbM?feature=oembed\" frameborder=\"0\" allow=\"accelerometer; autoplay; clipboard-write; encrypted-media; gyroscope; picture-in-picture; web-share\" referrerpolicy=\"strict-origin-when-cross-origin\" allowfullscreen><\/iframe>\n<\/div><\/figure>\n\n\n\n<p>2021 Film passer \u00e0 la Teste de buch \u00e0 la m\u00e9diath\u00e8que, Gujan mestras au Mira , Biganos  au Cin\u00e9ma, Beuvrage Salle Hubert Dubedout.<\/p>\n\n\n\n<figure class=\"wp-block-embed is-type-video is-provider-youtube wp-block-embed-youtube wp-embed-aspect-16-9 wp-has-aspect-ratio\"><div class=\"wp-block-embed__wrapper\">\n<iframe loading=\"lazy\" title=\"Destination Th\u00e9rapapaquigueritou !\" width=\"925\" height=\"520\" src=\"https:\/\/www.youtube.com\/embed\/r4Fkag7MLzk?feature=oembed\" frameborder=\"0\" allow=\"accelerometer; autoplay; clipboard-write; encrypted-media; gyroscope; picture-in-picture; web-share\" referrerpolicy=\"strict-origin-when-cross-origin\" allowfullscreen><\/iframe>\n<\/div><\/figure>\n\n\n\n<p><strong>Pi\u00e8ce de th\u00e9\u00e2tre Th\u00e9rapapakigueritou<\/strong>! \u00e9criture et mise en sc\u00e8ne Christelle Vandenbussche<\/p>\n\n\n\n<p>pi\u00e8ce pour 12 com\u00e9diens.<\/p>\n\n\n\n<p><strong>Le sujet:<\/strong>  Un grand psychoth\u00e9rachiatre ( nouveau m\u00e9tier qui met enfin d&rsquo;accord les psy chiatres th\u00e9rapeutes et logues ) d\u00e9cide de proposer des stages en immersion sur une \u00eele dans le but de faire abandonner les diff\u00e9rents traitements&#8230;.Les patients partent tous en Hydravion depuis le lac de cazaux pour l&rsquo;\u00eele de th\u00e9rapapaKigueritou&#8230; ils ne savent pas que dans ce processus de d\u00e9sintoxication m\u00e9dicamenteuse, ils seront tous largu\u00e9s en plein oc\u00e9an \u00e0 100m de la plage sans rien&#8230;..<\/p>\n","protected":false},"excerpt":{"rendered":"<p>https:\/\/www.youtube.com\/results?search_query=les+mots+lierre+du+chat+dor%C3%A9 Impro sur sc\u00e9nario 2021 Film passer \u00e0 la Teste de buch \u00e0 la m\u00e9diath\u00e8que, Gujan mestras au Mira , Biganos au Cin\u00e9ma, Beuvrage Salle Hubert Dubedout. Pi\u00e8ce de th\u00e9\u00e2tre Th\u00e9rapapakigueritou! \u00e9criture et mise en sc\u00e8ne Christelle Vandenbussche pi\u00e8ce pour 12 com\u00e9diens. Le sujet: Un grand psychoth\u00e9rachiatre ( nouveau m\u00e9tier qui met enfin d&rsquo;accord les &hellip; <\/p>\n","protected":false},"author":1,"featured_media":0,"parent":82,"menu_order":1,"comment_status":"closed","ping_status":"closed","template":"","meta":{"footnotes":""},"class_list":["post-152","page","type-page","status-publish","hentry"],"_links":{"self":[{"href":"https:\/\/mlcd.fr\/index.php\/wp-json\/wp\/v2\/pages\/152","targetHints":{"allow":["GET"]}}],"collection":[{"href":"https:\/\/mlcd.fr\/index.php\/wp-json\/wp\/v2\/pages"}],"about":[{"href":"https:\/\/mlcd.fr\/index.php\/wp-json\/wp\/v2\/types\/page"}],"author":[{"embeddable":true,"href":"https:\/\/mlcd.fr\/index.php\/wp-json\/wp\/v2\/users\/1"}],"replies":[{"embeddable":true,"href":"https:\/\/mlcd.fr\/index.php\/wp-json\/wp\/v2\/comments?post=152"}],"version-history":[{"count":6,"href":"https:\/\/mlcd.fr\/index.php\/wp-json\/wp\/v2\/pages\/152\/revisions"}],"predecessor-version":[{"id":168,"href":"https:\/\/mlcd.fr\/index.php\/wp-json\/wp\/v2\/pages\/152\/revisions\/168"}],"up":[{"embeddable":true,"href":"https:\/\/mlcd.fr\/index.php\/wp-json\/wp\/v2\/pages\/82"}],"wp:attachment":[{"href":"https:\/\/mlcd.fr\/index.php\/wp-json\/wp\/v2\/media?parent=152"}],"curies":[{"name":"wp","href":"https:\/\/api.w.org\/{rel}","templated":true}]}}